me factors of 65817983.
7, 11, 359, 2381
List the prime factors of 186970.
2, 5, 7, 2671
What are the prime factors of 2592091027?
2592091027
What are the prime factors of 3533591154?
2, 3, 23, 25605733
What are the prime factors of 428417840?
2, 5, 449, 11927
What are the prime factors of 6807506227?
6807506227
What are the prime factors of 61129068?
2, 3, 7, 11, 13, 727
List the prime factors of 7079827491.
3, 11, 2167073
What are the prime factors of 12459086?
2, 31, 103, 1951
List the prime factors of 633619477.
633619477
What are the prime factors of 520374169?
7, 337, 31513
What are the prime factors of 24830451?
3, 1217, 2267
What are the prime factors of 90991499?
90991499
List the prime factors of 16369941.
3, 7, 779521
List the prime factors of 63190782.
2, 3, 67, 151, 347
List the prime factors of 748369479.
3, 11, 13, 317, 5503
What are the prime factors of 454540691?
11, 3613, 11437
What are the prime factors of 3976362466?
2, 59, 4409, 7643
List the prime factors of 379621884.
2, 3, 31635157
What are the prime factors of 529797109?
43, 12320863
What are the prime factors of 45796074?
2, 3, 7632679
What are the prime factors of 106864294?
2, 53432147
What are the prime factors of 317741573?
23, 47, 401, 733
What are the prime factors of 182214367?
182214367
What are the prime factors of 207888271?
207888271
What are the prime factors of 255863152?
2, 15991447
What are the prime factors of 2829656757?
3, 19, 49643101
List the prime factors of 140205815.
5, 23, 193, 6317
List the prime factors of 198339159.
3, 107, 617879
What are the prime factors of 845967478?
2, 422983739
List the prime factors of 266896757.
41, 6509677
List the prime factors of 1021969501.
7, 17, 421, 20399
What are the prime factors of 1291592048?
2, 23, 3509761
What are the prime factors of 30664504?
2, 13, 43, 6857
List the prime factors of 33726194.
2, 89, 189473
What are the prime factors of 1765583562?
2, 3, 294263927
What are the prime factors of 6789745190?
2, 5, 19, 1163, 30727
List the prime factors of 922835519.
1061, 869779
What are the prime factors of 1815719434?
2, 479, 1013, 1871
List the prime factors of 51108178.
2, 11, 2323099
List the prime factors of 1192410656.
2, 37262833
What are the prime factors of 11900190?
2, 3, 5, 89, 4457
List the prime factors of 346923822.
2, 3, 7, 1180013
List the prime factors of 9354050090.
2, 5, 7, 11, 23, 271, 1949
List the prime factors of 385370943.
3, 17, 271, 27883
What are the prime factors of 899349794?
2, 7, 47, 1366793
What are the prime factors of 98161779?
3, 31, 1055503
What are the prime factors of 144148739?
7, 2941811
List the prime factors of 18050397.
3, 47, 313, 409
What are the prime factors of 958012609?
43, 47, 474029
What are the prime factors of 6914889?
3, 85369
List the prime factors of 3315111948.
2, 3, 967, 3527
List the prime factors of 1592386673.
191, 8337103
List the prime factors of 455051438.
2, 8543, 26633
What are the prime factors of 181065873?
3, 61, 463, 2137
What are the prime factors of 2962086224?
2, 677, 273457
What are the prime factors of 6189352?
2, 13, 59513
What are the prime factors of 384831019?
384831019
List the prime factors of 19563791.
13, 1504907
List the prime factors of 178514698.
2, 1999, 44651
List the prime factors of 697084075.
5, 1861, 14983
List the prime factors of 178065019.
11, 241, 67169
List the prime factors of 9471387.
3, 719, 4391
What are the prime factors of 4303510418?
2, 2151755209
List the prime factors of 317048876.
2, 523, 151553
List the prime factors of 2416509561.
3, 805503187
List the prime factors of 397197792.
2, 3, 17, 31, 2617
What are the prime factors of 2629636312?
2, 61, 229, 23531
What are the prime factors of 68739134?
2, 23, 1009, 1481
What are the prime factors of 158502465?
3, 5, 11, 19, 887
List the prime factors of 2358404815.
5, 13, 17, 2134303
What are the prime factors of 20050947?
3, 7, 19, 2393
List the prime factors of 7885701631.
7885701631
List the prime factors of 103349668.
2, 25837417
What are the prime factors of 78363229?
7, 11194747
What are the prime factors of 275979184?
2, 13, 1326823
List the prime factors of 3752037050.
2, 5, 75040741
List the prime factors of 7254331.
7, 37, 757
List the prime factors of 90880307.
7, 12982901
List the prime factors of 506767713.
3, 239, 613, 1153
What are the prime factors of 386428227?
3, 997, 129197
What are the prime factors of 26065643?
26065643
What are the prime factors of 264535901?
7, 337, 112139
List the prime factors of 3923281007.
157, 24989051
List the prime factors of 17696168.
2, 7, 316003
List the prime factors of 334430424.
2, 3, 53, 131, 223
What are the prime factors of 2278062368?
2, 71189449
List the prime factors of 31386960.
2, 3, 5, 11, 1321
List the prime factors of 44409576.
2, 3, 17, 89, 1223
List the prime factors of 4784878203.
3, 7, 163, 1397861
List the prime factors of 141454997.
141454997
List the prime factors of 10402716.
2, 3, 23, 37691
List the prime factors of 1002291171.
3, 7, 23, 43, 48259
What are the prime factors of 268870091?
7, 38410013
List the prime factors of 3376152409.
7, 149, 3236963
What are the prime factors of 39524630?
2, 5, 3952463
List the prime factors of 23080290.
2, 3, 5, 47, 16369
What are the prime factors of 8778814139?
37, 293, 809779
List the prime factors of 159371822.
2, 1747, 45613
List the prime factors of 87834874.
2, 41, 1071157
What are the prime factors of 959567481?
3, 106618609
List the prime factors of 203118358.
2, 101559179
What are the prime factors of 122412716?
2, 17, 23, 41, 83
What are the prime factors of 214101851?
659, 324889
List the prime factors of 33576747.
3, 379, 29531
What are the prime factors of 161727814?
2, 37, 2185511
List the prime factors of 314101237.
314101237
List the prime factors of 289922636.
2, 23, 3151333
What are the prime factors of 3816818533?
11, 1069, 324587
List the prime factors of 7114027988.
2, 1778506997
What are the prime factors of 67141300?
2, 5, 173, 3881
List the prime factors of 144356040.
2, 3, 5, 73, 1831
What are the prime factors of 16243214?
2, 13, 19, 131, 251
List the prime factors of 84923280.
2, 3, 5, 13, 43, 211
List the prime factors of 100219127.
71, 241, 5857
List the prime factors of 176944964.
2, 7, 6319463
List the prime factors of 78185495.
5, 15637099
List the prime factors of 212271269.
7, 30324467
List the prime factors of 5805493150.
2, 5, 1951, 59513
List the prime factors of 146446780.
2, 5, 227, 32257
What are the prime factors of 326619737?
326619737
List the prime factors of 56231364.
2, 3, 7, 47, 14243
List the prime factors of 89004137.
83, 1072339
List the prime factors of 972956973.
3, 233, 1391927
List the prime factors of 2075106572.
2, 7, 11, 83, 81173
What are the prime factors of 233353010?
2, 5, 11, 1129, 1879
List the prime factors of 3814778.
2, 11, 317, 547
List the prime factors of 138179819.
138179819
What are the prime factors of 92332026?
2, 3, 5129557
What are the prime factors of 94707568?
2, 37, 159979
List the prime factors of 32902055.
5, 17, 387083
List the prime factors of 33747300.
2, 3, 5, 29, 431
What are the prime factors of 35996067?
3, 3999563
What are the prime factors of 251335276?
2, 17, 3696107
List the prime factors of 7007385.
3, 5, 7, 11, 6067
What are the prime factors of 50437392?
2, 3, 47, 79, 283
What are the prime factors of 1062150871?
17, 337, 397, 467
What are the prime factors of 472235788?
2, 8969, 13163
List the prime factors of 23675908.
2, 5918977
List the prime factors of 146337699.
3, 48779233
What are the prime factors of 1359059420?
2, 5, 23, 1697, 1741
What are the prime factors of 1161432099?
3, 1973, 65407
List the prime factors of 46283246.
2, 29, 797987
What are the prime factors of 285001598?
2, 7, 101, 201557
List the prime factors of 49900069.
2591, 19259
List the prime factors of 61509161.
7, 179327
List the prime factors of 12277793.
11, 1116163
What are the prime factors of 80965620?
2, 3, 5, 37, 12157
List the prime factors of 150020571.
3, 67, 746371
List the prime factors of 1360552734.
2, 3, 4457, 5653
What are the prime factors of 533456391?
3, 13, 487, 28087
List the prime factors of 754701642.
2, 3, 3347, 12527
What are the prime factors of